{"id":1250,"date":"2021-11-18T11:05:18","date_gmt":"2021-11-18T10:05:18","guid":{"rendered":"https:\/\/plateforme.label-commercant-responsable.com\/bureauvallee\/?page_id=1250"},"modified":"2021-11-22T09:23:14","modified_gmt":"2021-11-22T08:23:14","slug":"sommaire","status":"publish","type":"page","link":"https:\/\/plateforme.label-commercant-responsable.com\/bureauvallee\/sommaire\/","title":{"rendered":"Accueil Sommaire"},"content":{"rendered":"<p><section class=\"kc-elm kc-css-717124 kc_row\"><div class=\"kc-row-container  kc-container\"><div class=\"kc-wrap-columns\"><div class=\"kc-elm kc-css-269964 kc_col-sm-12 kc_column kc_col-sm-12\"><div class=\"kc-col-container\">\n<div class=\"kc-elm kc-css-676084 kc-title-wrap \">\n\n\t<h1 class=\"kc_title\">J'APPRENDS, J'\u00c9VALUE, JE PROGRESSE<\/h1>\n<\/div>\n<\/div><\/div><\/div><\/div><\/section><section class=\"kc-elm kc-css-974606 kc_row\"><div class=\"kc-row-container  kc-container\"><div class=\"kc-wrap-columns\"><div class=\"kc-elm kc-css-233280 kc_col-sm-6 kc_column kc_col-sm-6\"><div class=\"kc-col-container\">\n<div class=\"kc-elm kc-css-755528 kc-title-wrap \">\n\n\t<h2 class=\"kc_title\">LE PARCOURS D\u2019INITIATION : J\u2019APPRENDS<\/h2>\n<\/div>\n<div class=\"kc-elm kc-css-541130 kc_row kc_row_inner\"><div class=\"kc-elm kc-css-614834 kc_col-sm-4 kc_column_inner kc_col-sm-4\"><div class=\"kc_wrapper kc-col-inner-container\"><div class=\"kc-elm kc-css-128510 kc_shortcode kc_single_image\">\n\n        <a  href=\"https:\/\/plateforme.label-commercant-responsable.com\/bureauvallee\/japprends-parcours-dinitiation\/comprendre-la-rse\/\" title=\"Comprendre le D\u00e9veloppement Durable\" target=\"_self\">\n        <img decoding=\"async\" src=\"https:\/\/plateforme.label-commercant-responsable.com\/bureauvallee\/wp-content\/uploads\/2021\/05\/dd.jpg\" class=\"\" alt=\"\" \/>    <\/a>\n    \t    <p class=\"scapt\">Comprendre la RSE<\/p>\n\t    <\/div>\n<\/div><\/div><div class=\"kc-elm kc-css-433961 kc_col-sm-4 kc_column_inner kc_col-sm-4\"><div class=\"kc_wrapper kc-col-inner-container\"><div class=\"kc-elm kc-css-717160 kc_shortcode kc_single_image\">\n\n        <a  href=\"https:\/\/plateforme.label-commercant-responsable.com\/bureauvallee\/japprends-parcours-dinitiation\/comprendre-les-enjeux-sociaux-territoriaux-et-climatiques\/\" title=\"Comprendre le D\u00e9veloppement Durable\" target=\"_self\">\n        <img decoding=\"async\" src=\"https:\/\/plateforme.label-commercant-responsable.com\/bureauvallee\/wp-content\/uploads\/2021\/05\/climatique.jpg\" class=\"\" alt=\"\" \/>    <\/a>\n    \t    <p class=\"scapt\">Comprendre les enjeux sociaux, territoriaux et climatiques<\/p>\n\t    <\/div>\n<\/div><\/div><div class=\"kc-elm kc-css-627995 kc_col-sm-4 kc_column_inner kc_col-sm-4\"><div class=\"kc_wrapper kc-col-inner-container\"><div class=\"kc-elm kc-css-130988 kc_shortcode kc_single_image\">\n\n        <a  href=\"https:\/\/plateforme.label-commercant-responsable.com\/bureauvallee\/japprends-parcours-dinitiation\/actions-et-ecogeste\/\" title=\"Comprendre le D\u00e9veloppement Durable\" target=\"_self\">\n        <img decoding=\"async\" src=\"https:\/\/plateforme.label-commercant-responsable.com\/bureauvallee\/wp-content\/uploads\/2021\/05\/actions.jpg\" class=\"\" alt=\"\" \/>    <\/a>\n    \t    <p class=\"scapt\">Actions et \u00e9co-gestes du quotidien<\/p>\n\t    <\/div>\n<\/div><\/div><\/div>\n<div class=\"kc-elm kc-css-212718 kc-title-wrap \">\n\n\t<h2 class=\"kc_title\">LE PARCOURS D\u2019INT\u00c9GRATION : J\u2019APPRENDS<\/h2>\n<\/div>\n<div class=\"kc-elm kc-css-741279 kc_row kc_row_inner\"><div class=\"kc-elm kc-css-521383 kc_col-sm-4 kc_column_inner kc_col-sm-4\"><div class=\"kc_wrapper kc-col-inner-container\"><div class=\"kc-elm kc-css-561560 kc_shortcode kc_single_image\">\n\n        <a  href=\"https:\/\/plateforme.label-commercant-responsable.com\/bureauvallee\/japprends-parcours-dintegration\/la-demarche\/\" title=\"Comprendre le D\u00e9veloppement Durable\" target=\"_self\">\n        <img decoding=\"async\" src=\"https:\/\/plateforme.label-commercant-responsable.com\/bureauvallee\/wp-content\/uploads\/2021\/05\/demarche.jpg\" class=\"\" alt=\"\" \/>    <\/a>\n    \t    <p class=\"scapt\">La d\u00e9marche<\/p>\n\t    <\/div>\n<\/div><\/div><div class=\"kc-elm kc-css-291551 kc_col-sm-4 kc_column_inner kc_col-sm-4\"><div class=\"kc_wrapper kc-col-inner-container\"><div class=\"kc-elm kc-css-571689 kc_shortcode kc_single_image\">\n\n        <a  href=\"https:\/\/plateforme.label-commercant-responsable.com\/bureauvallee\/japprends-parcours-dintegration\/la-methode\/\" title=\"Comprendre le D\u00e9veloppement Durable\" target=\"_self\">\n        <img decoding=\"async\" src=\"https:\/\/plateforme.label-commercant-responsable.com\/bureauvallee\/wp-content\/uploads\/2021\/05\/methode.jpg\" class=\"\" alt=\"\" \/>    <\/a>\n    \t    <p class=\"scapt\">La m\u00e9thode<\/p>\n\t    <\/div>\n<\/div><\/div><div class=\"kc-elm kc-css-124214 kc_col-sm-4 kc_column_inner kc_col-sm-4\"><div class=\"kc_wrapper kc-col-inner-container\"><div class=\"kc-elm kc-css-994636 kc_shortcode kc_single_image\">\n\n        <a  href=\"https:\/\/plateforme.label-commercant-responsable.com\/bureauvallee\/japprends-parcours-dintegration\/le-parcours-anime\/\" title=\"Comprendre le D\u00e9veloppement Durable\" target=\"_self\">\n        <img decoding=\"async\" src=\"https:\/\/plateforme.label-commercant-responsable.com\/bureauvallee\/wp-content\/uploads\/2021\/05\/parcours.jpg\" class=\"\" alt=\"\" \/>    <\/a>\n    \t    <p class=\"scapt\">Le parcours anim\u00e9<\/p>\n\t    <\/div>\n<\/div><\/div><\/div>\n<div class=\"kc-elm kc-css-651301 kc-title-wrap \">\n\n\t<h2 class=\"kc_title\">LE PARCOURS D\u2019\u00c9VALUATION : J\u2019\u00c9VALUE<\/h2>\n<\/div>\n<div class=\"kc-elm kc-css-965791 kc_row kc_row_inner\"><div class=\"kc-elm kc-css-251527 kc_col-sm-4 kc_column_inner kc_col-sm-4\"><div class=\"kc_wrapper kc-col-inner-container\"><div class=\"kc-elm kc-css-655998 kc_shortcode kc_single_image\">\n\n        <a  href=\"https:\/\/plateforme.label-commercant-responsable.com\/bureauvallee\/jevalue-le-parcours-devaluation\/le-referentiel\/\" title=\"Comprendre le D\u00e9veloppement Durable\" target=\"_self\">\n        <img decoding=\"async\" src=\"https:\/\/plateforme.label-commercant-responsable.com\/bureauvallee\/wp-content\/uploads\/2021\/05\/referentiel.jpg\" class=\"\" alt=\"\" \/>    <\/a>\n    \t    <p class=\"scapt\">Le r\u00e9f\u00e9rentiel<\/p>\n\t    <\/div>\n<\/div><\/div><div class=\"kc-elm kc-css-443849 kc_col-sm-4 kc_column_inner kc_col-sm-4\"><div class=\"kc_wrapper kc-col-inner-container\"><div class=\"kc-elm kc-css-536353 kc_shortcode kc_single_image\">\n\n        <a  href=\"https:\/\/plateforme.label-commercant-responsable.com\/bureauvallee\/jevalue-le-parcours-devaluation\/les-elements-de-preuves\/\" title=\"Comprendre le D\u00e9veloppement Durable\" target=\"_self\">\n        <img decoding=\"async\" src=\"https:\/\/plateforme.label-commercant-responsable.com\/bureauvallee\/wp-content\/uploads\/2021\/05\/indicateur.jpg\" class=\"\" alt=\"\" \/>    <\/a>\n    \t    <p class=\"scapt\">Les indicateurs<\/p>\n\t    <\/div>\n<\/div><\/div><div class=\"kc-elm kc-css-315160 kc_col-sm-4 kc_column_inner kc_col-sm-4\"><div class=\"kc_wrapper kc-col-inner-container\"><div class=\"kc-elm kc-css-605722 kc_shortcode kc_single_image\">\n\n        <a  href=\"https:\/\/plateforme.label-commercant-responsable.com\/bureauvallee\/jevalue-le-parcours-devaluation\/la-plateforme-act21\/\" title=\"Comprendre le D\u00e9veloppement Durable\" target=\"_self\">\n        <img decoding=\"async\" src=\"https:\/\/plateforme.label-commercant-responsable.com\/bureauvallee\/wp-content\/uploads\/2021\/05\/evaluation.jpg\" class=\"\" alt=\"\" \/>    <\/a>\n    \t    <p class=\"scapt\">Espace personnel d:apos:\u00e9valuation<\/p>\n\t    <\/div>\n<\/div><\/div><\/div><\/div><\/div><div class=\"kc-elm kc-css-297908 kc_col-sm-1 kc_column kc_col-sm-1\"><div class=\"col-progession kc-col-container\"><\/div><\/div><div class=\"kc-elm kc-css-47452 kc_col-sm-5 kc_column kc_col-sm-5\"><div class=\"col-progession kc-col-container\">\n<div class=\"kc-elm kc-css-665900 kc-title-wrap \">\n\n\t<h2 class=\"kc_title mt-0\">Connexion commer\u00e7ants<\/h2>\n<\/div>\n<div class=\"kc-elm kc-css-330025 kc-raw-code\"><div class=\"tml tml-login\">\n<div class=\"tml-alerts\"><\/div><form name=\"login\" action=\"https:\/\/plateforme.label-commercant-responsable.com\/bureauvallee\/login\/\" method=\"post\">\n<div class=\"tml-field-wrap tml-log-wrap\">\n<label class=\"tml-label\" for=\"user_login\">Identifiant ou adresse e-mail<\/label>\n<input name=\"log\" type=\"text\" value=\"\" id=\"user_login\" autocapitalize=\"off\" class=\"tml-field\">\n<\/div>\n\n<div class=\"tml-field-wrap tml-pwd-wrap\">\n<label class=\"tml-label\" for=\"user_pass\">Mot de passe<\/label>\n<input name=\"pwd\" type=\"password\" value=\"\" id=\"user_pass\" class=\"tml-field\">\n<\/div>\n\n\n<div class=\"tml-field-wrap tml-rememberme-wrap\">\n<input name=\"rememberme\" type=\"checkbox\" value=\"forever\" id=\"rememberme\" class=\"tml-checkbox\">\n<label class=\"tml-label\" for=\"rememberme\">Se souvenir de moi<\/label>\n<\/div>\n\n<div class=\"tml-field-wrap tml-submit-wrap\">\n<button name=\"submit\" type=\"submit\" class=\"tml-button\">Se connecter<\/button>\n<\/div>\n\n<input name=\"redirect_to\" type=\"hidden\" value=\"https:\/\/plateforme.label-commercant-responsable.com\/bureauvallee\/wp-admin\/\">\n\n<\/form>\n<ul class=\"tml-links\"><li class=\"tml-lostpassword-link\"><a href=\"https:\/\/plateforme.label-commercant-responsable.com\/bureauvallee\/lostpassword\/\">Mot de passe oubli\u00e9\u00a0?<\/a><\/li><\/ul><\/div>\n<\/div><\/div><\/div><\/div><\/div><\/section><\/p>\n","protected":false},"excerpt":{"rendered":"<p>J&rsquo;APPRENDS, J&rsquo;\u00c9VALUE, JE PROGRESSE LE PARCOURS D\u2019INITIATION : J\u2019APPRENDS Comprendre la RSE Comprendre les enjeux sociaux, territoriaux et climatiques Actions et \u00e9co-gestes du quotidien LE PARCOURS D\u2019INT\u00c9GRATION : J\u2019APPRENDS La d\u00e9marche La m\u00e9thode Le parcours anim\u00e9 LE PARCOURS D\u2019\u00c9VALUATION : J\u2019\u00c9VALUE Le r\u00e9f\u00e9rentiel Les indicateurs Espace personnel d:apos:\u00e9valuation Connexion commer\u00e7ants Identifiant ou adresse e-mail Mot &hellip; <\/p>\n","protected":false},"author":1,"featured_media":0,"parent":0,"menu_order":0,"comment_status":"closed","ping_status":"closed","template":"","meta":{"footnotes":""},"class_list":["post-1250","page","type-page","status-publish","hentry"],"acf":[],"_links":{"self":[{"href":"https:\/\/plateforme.label-commercant-responsable.com\/bureauvallee\/wp-json\/wp\/v2\/pages\/1250","targetHints":{"allow":["GET"]}}],"collection":[{"href":"https:\/\/plateforme.label-commercant-responsable.com\/bureauvallee\/wp-json\/wp\/v2\/pages"}],"about":[{"href":"https:\/\/plateforme.label-commercant-responsable.com\/bureauvallee\/wp-json\/wp\/v2\/types\/page"}],"author":[{"embeddable":true,"href":"https:\/\/plateforme.label-commercant-responsable.com\/bureauvallee\/wp-json\/wp\/v2\/users\/1"}],"replies":[{"embeddable":true,"href":"https:\/\/plateforme.label-commercant-responsable.com\/bureauvallee\/wp-json\/wp\/v2\/comments?post=1250"}],"version-history":[{"count":35,"href":"https:\/\/plateforme.label-commercant-responsable.com\/bureauvallee\/wp-json\/wp\/v2\/pages\/1250\/revisions"}],"predecessor-version":[{"id":1302,"href":"https:\/\/plateforme.label-commercant-responsable.com\/bureauvallee\/wp-json\/wp\/v2\/pages\/1250\/revisions\/1302"}],"wp:attachment":[{"href":"https:\/\/plateforme.label-commercant-responsable.com\/bureauvallee\/wp-json\/wp\/v2\/media?parent=1250"}],"curies":[{"name":"wp","href":"https:\/\/api.w.org\/{rel}","templated":true}]}}