{"id":27,"date":"2021-05-18T10:55:25","date_gmt":"2021-05-18T08:55:25","guid":{"rendered":"https:\/\/plateforme.label-commercant-responsable.com\/bureauvallee\/?page_id=27"},"modified":"2021-10-21T09:29:52","modified_gmt":"2021-10-21T07:29:52","slug":"la-demarche","status":"publish","type":"page","link":"https:\/\/plateforme.label-commercant-responsable.com\/bureauvallee\/japprends-parcours-dintegration\/la-demarche\/","title":{"rendered":"La d\u00e9marche"},"content":{"rendered":"<p><section class=\"kc-elm kc-css-338839 kc_row\"><div class=\"kc-row-container  kc-container\"><div class=\"kc-wrap-columns\"><div class=\"kc-elm kc-css-441891 kc_col-sm-12 kc_column kc_col-sm-12\"><div class=\"kc-col-container\"><div class=\"kc-elm kc-css-238316 kc_shortcode kc_single_image\">\n\n        <img decoding=\"async\" src=\"https:\/\/plateforme.label-commercant-responsable.com\/bureauvallee\/wp-content\/uploads\/2021\/08\/La-demarche-150x150.png\" class=\"\" alt=\"\" \/>    <\/div>\n\n<div class=\"kc-elm kc-css-47945 kc-title-wrap \">\n\n\t<h4 class=\"kc_title light bordure-bas-bleu\">J\u2019APPRENDS ET JE PROGRESSE<\/h4>\n<\/div>\n<\/div><\/div><\/div><\/div><\/section><section class=\"kc-elm kc-css-286218 kc_row\"><div class=\"kc-row-container  kc-container\"><div class=\"kc-wrap-columns\"><div class=\"kc-elm kc-css-541611 kc_col-sm-12 kc_column kc_col-sm-12\"><div class=\"kc-col-container\">\n<div class=\"kc-elm kc-css-244561 kc-title-wrap \">\n\n\t<h1 class=\"kc_title\">COMMENT JE CONSTRUIS MA D\u00c9MARCHE<\/h1>\n<\/div>\n<\/div><\/div><\/div><\/div><\/section><section class=\"kc-elm kc-css-328425 kc_row\"><div class=\"kc-row-container  kc-container\"><div class=\"kc-wrap-columns\"><div class=\"kc-elm kc-css-543500 kc_col-sm-6 kc_column kc_col-sm-6\"><div class=\"kc-col-container\">\n<div class=\"kc-elm kc-css-851752 kc-title-wrap \">\n\n\t<h2 class=\"kc_title\">1\u00e8re \u00e9tape<\/h2>\n<\/div>\n<div class=\"kc-elm kc-css-945899 kc_text_block\"><\/p>\n<p>\nJe prends connaissance du parcours d\u2019int\u00e9gration <strong>&#8211; MODULE PEDAGOGIE<\/strong><\/p>\n<ul>\n<li>La d\u00e9marche, sa m\u00e9thode, la typologie et le d\u00e9roulement des audits,<\/li>\n<li>La note et le rapport, l\u2019attribution et la dur\u00e9e du label. Les \u00e9l\u00e9ments de preuve \u00e0 fournir.<\/li>\n<li>Le r\u00e9f\u00e9rentiel et ses 4 niveaux de progr\u00e8s.<\/li>\n<li>Le parcours du PDV anim\u00e9 par les engagements du quotidien.<\/li>\n<\/ul>\n<p>\n<\/div>\n<div class=\"kc-elm kc-css-526975 kc-title-wrap \">\n\n\t<h2 class=\"kc_title\">2\u00e8me \u00e9tape<\/h2>\n<\/div>\n<div class=\"kc-elm kc-css-644698 kc_text_block\"><\/p>\n<p>\nJe me sensibilise au d\u00e9veloppement durable et aux enjeux du commerce &#8211; <strong>MODULE PEDAGOGIE<\/strong><\/p>\n<ul>\n<li>Comprendre le DD et le d\u00e9r\u00e8glement climatique<\/li>\n<li>Quels enjeux et quelles implications pour le Commerce<\/li>\n<li>Les actions anim\u00e9es et les \u00e9co-gestes du quotidien.<\/li>\n<\/ul>\n<p>\n<\/div>\n<div class=\"kc-elm kc-css-911242 kc-title-wrap \">\n\n\t<h2 class=\"kc_title\">3\u00e8me \u00e9tape<\/h2>\n<\/div>\n<div class=\"kc-elm kc-css-836389 kc_text_block\"><\/p>\n<p>\nJe d\u00e9cide d\u2019engager mon entreprise &#8211; dans la d\u00e9marche &#8211; MODULE DE GESTION DE L&rsquo;EVALUATION<\/p>\n<ul>\n<li>Je m\u2019inscris en ligne et compl\u00e8te ma fiche d\u2019identit\u00e9 sur la Plateforme CR.<\/li>\n<li>Je re\u00e7ois ma proposition chiffr\u00e9e que je valide. Je s\u00e9lectionne mon choix de paiement.\u2022 Je re\u00e7ois mes codes d\u2019acc\u00e8s \u00e0 la plateforme CR et la check-list des \u00e9l\u00e9ments de preuve \u00e0 fournir.<\/li>\n<li>Je d\u00e9pose, au fur et \u00e0 mesure de ma collecte, sur mon espace d\u00e9di\u00e9 mes \u00e9l\u00e9ments de preuve.<\/li>\n<li>Je valide lorsque j\u2019ai termin\u00e9.<\/li>\n<li>Je re\u00e7ois confirmation du d\u00e9p\u00f4t et un calendrier de prise de rendez-vous avec un choix de plages horaires sur lequel je s\u00e9lectionne mon choix.<\/li>\n<li>Je re\u00e7ois confirmation du d\u00e9p\u00f4t et un calendrier avec un choix de plages horaires sur lequel je s\u00e9lectionne mon rendez-vous.<\/li>\n<\/ul>\n<p>\n<\/div><\/div><\/div><div class=\"kc-elm kc-css-21209 kc_col-sm-6 kc_column kc_col-sm-6\"><div class=\"kc-col-container\">\n<div class=\"kc-elm kc-css-242885 kc-title-wrap \">\n\n\t<h2 class=\"kc_title\">4\u00e8me \u00e9tape<\/h2>\n<\/div>\n<div class=\"kc-elm kc-css-505073 kc_text_block\"><\/p>\n<p>\nL\u2019audit &#8211; MODULE DE GESTION DE L&rsquo;EVALUATION<\/p>\n<ul>\n<li>L\u2019auditeur saisie les r\u00e9sultats de l\u2019\u00e9valuation, ses notes et les notes.<\/li>\n<li>Je re\u00e7ois le rapport d\u2019audit et l\u2019attestation de performance.<\/li>\n<\/ul>\n<p>\n<\/div>\n<div class=\"kc-elm kc-css-506377 kc-title-wrap \">\n\n\t<h2 class=\"kc_title\">5\u00e8me \u00e9tape<\/h2>\n<\/div>\n<div class=\"kc-elm kc-css-407180 kc_text_block\"><\/p>\n<p>\nJ\u2019\u00e9tudie mon plan de progr\u00e8s &#8211; <strong>MODULE DE PROGRES<\/strong><br \/>\nEn fonction des r\u00e9sultats de mon audit, des points perfectibles et du choix de mes priorit\u00e9s, \u00e0 mon rythme, je vais d\u00e9terminer mon parcours de progr\u00e8s.<\/p>\n<ul>\n<li>Je s\u00e9lectionne la th\u00e9matique de mon choix, et j\u2019\u00e9tudie les engagements sur lesquels je peux progresser.<\/li>\n<\/ul>\n<p>A chaque engagement est li\u00e9e une <strong>FICHE ACTION<\/strong> qui comporte :<\/p>\n<ul>\n<li>l\u2019explication et le contexte de l\u2019engagement,<\/li>\n<li>ce que vous devez faire pour atteindre les niveaux sup\u00e9rieurs,<\/li>\n<li>les \u00e9co-gestes \u00e0 favoriser, les exemples et les ressources propos\u00e9es<\/li>\n<li>ainsi qu\u2019une check-list \u00e0 compl\u00e9ter en pr\u00e9paration de la r\u00e9vision de votre audit \u00e0 18 mois.<\/li>\n<\/ul>\n<p><strong>Mon parcours de progr\u00e8s est \u00e9tabli et je viens me nourrir r\u00e9guli\u00e8rement dans ces fiches actions pour sa mise en \u0153uvre.<\/strong><\/p>\n<p>\n<\/div>\n<div class=\"kc-elm kc-css-157101 kc-title-wrap \">\n\n\t<h2 class=\"kc_title\">6\u00e8me \u00e9tape<\/h2>\n<\/div>\n<div class=\"kc-elm kc-css-4042 kc_text_block\"><\/p>\n<p>\nJe re\u00e7ois mon pack de communication personnalis\u00e9 sur mon point de vente.<\/p>\n<ul>\n<li>Je prends connaissance du pitch et du StoryTelling pour adapter mes \u00e9l\u00e9ments de langage \u00e0 la client\u00e8le \u00e0 propos du Label Commer\u00e7ant Responsable et de ma d\u00e9marche.<\/li>\n<li>Je colle sur ma caisse et\/ou ma vitrine, le logo du Label qui comporte un QR Code afin de diffuser mon \u00ab affichage environnemental et social \u00bb.<\/li>\n<li>J\u2019affiche mon attestation de performance et utilise les outils de communication internes et externes mis \u00e0 disposition.<\/li>\n<\/ul>\n<p>\n<\/div><\/div><\/div><\/div><\/div><\/section><\/p>\n","protected":false},"excerpt":{"rendered":"<p>J\u2019APPRENDS ET JE PROGRESSE COMMENT JE CONSTRUIS MA D\u00c9MARCHE 1\u00e8re \u00e9tape Je prends connaissance du parcours d\u2019int\u00e9gration &#8211; MODULE PEDAGOGIE La d\u00e9marche, sa m\u00e9thode, la typologie et le d\u00e9roulement des audits, La note et le rapport, l\u2019attribution et la dur\u00e9e du label. Les \u00e9l\u00e9ments de preuve \u00e0 fournir. Le r\u00e9f\u00e9rentiel et ses 4 niveaux de &hellip; <\/p>\n","protected":false},"author":1,"featured_media":0,"parent":8,"menu_order":0,"comment_status":"closed","ping_status":"closed","template":"","meta":{"footnotes":""},"class_list":["post-27","page","type-page","status-publish","hentry"],"acf":[],"_links":{"self":[{"href":"https:\/\/plateforme.label-commercant-responsable.com\/bureauvallee\/wp-json\/wp\/v2\/pages\/27","targetHints":{"allow":["GET"]}}],"collection":[{"href":"https:\/\/plateforme.label-commercant-responsable.com\/bureauvallee\/wp-json\/wp\/v2\/pages"}],"about":[{"href":"https:\/\/plateforme.label-commercant-responsable.com\/bureauvallee\/wp-json\/wp\/v2\/types\/page"}],"author":[{"embeddable":true,"href":"https:\/\/plateforme.label-commercant-responsable.com\/bureauvallee\/wp-json\/wp\/v2\/users\/1"}],"replies":[{"embeddable":true,"href":"https:\/\/plateforme.label-commercant-responsable.com\/bureauvallee\/wp-json\/wp\/v2\/comments?post=27"}],"version-history":[{"count":8,"href":"https:\/\/plateforme.label-commercant-responsable.com\/bureauvallee\/wp-json\/wp\/v2\/pages\/27\/revisions"}],"predecessor-version":[{"id":1230,"href":"https:\/\/plateforme.label-commercant-responsable.com\/bureauvallee\/wp-json\/wp\/v2\/pages\/27\/revisions\/1230"}],"up":[{"embeddable":true,"href":"https:\/\/plateforme.label-commercant-responsable.com\/bureauvallee\/wp-json\/wp\/v2\/pages\/8"}],"wp:attachment":[{"href":"https:\/\/plateforme.label-commercant-responsable.com\/bureauvallee\/wp-json\/wp\/v2\/media?parent=27"}],"curies":[{"name":"wp","href":"https:\/\/api.w.org\/{rel}","templated":true}]}}