{"id":35,"date":"2021-05-18T10:56:58","date_gmt":"2021-05-18T08:56:58","guid":{"rendered":"https:\/\/plateforme.label-commercant-responsable.com\/bureauvallee\/?page_id=35"},"modified":"2021-10-19T11:07:33","modified_gmt":"2021-10-19T09:07:33","slug":"comprendre-les-enjeux-sociaux-territoriaux-et-climatiques","status":"publish","type":"page","link":"https:\/\/plateforme.label-commercant-responsable.com\/bureauvallee\/japprends-parcours-dinitiation\/comprendre-les-enjeux-sociaux-territoriaux-et-climatiques\/","title":{"rendered":"Comprendre les enjeux sociaux, territoriaux et climatiques"},"content":{"rendered":"<p><section class=\"kc-elm kc-css-614514 kc_row\"><div class=\"kc-row-container  kc-container\"><div class=\"kc-wrap-columns\"><div class=\"kc-elm kc-css-568932 kc_col-sm-12 kc_column kc_col-sm-12\"><div class=\"kc-col-container\"><div class=\"kc-elm kc-css-21081 kc_row kc_row_inner\"><div class=\"kc-elm kc-css-148665 kc_col-sm-12 kc_column_inner kc_col-sm-12\"><div class=\"d-flex kc_wrapper kc-col-inner-container\">\n<div class=\"kc-elm kc-css-881610\">\n\t<a class=\"kc_button btn-sm mt-5\" href=\"https:\/\/plateforme.label-commercant-responsable.com\/bureauvallee\/\" target=\"_self\" title=\"Sommaire\" onclick=\"\">\n\t\t<i class=\"fa-list-alt\"><\/i> Retour au sommaire\t<\/a>\n<\/div>\n<div class=\"kc-elm kc-css-932504 kc_shortcode kc_single_image\">\n\n        <img decoding=\"async\" src=\"https:\/\/plateforme.label-commercant-responsable.com\/bureauvallee\/wp-content\/uploads\/2021\/08\/Le-rechauffement-climatique-150x155xc.png\" class=\"\" alt=\"\" \/>    <\/div>\n<div class=\"kc-elm kc-css-103507 kc_text_block\"><p><\/p>\n<\/div><\/div><\/div><\/div>\n<div class=\"kc-elm kc-css-668324 kc-title-wrap \">\n\n\t<h1 class=\"kc_title bordure-bas-orange orange\">COMPRENDRE LES ENJEUX SOCIAUX, TERRITORIAUX ET CLIMATIQUES<\/h1>\n<\/div>\n<\/div><\/div><\/div><\/div><\/section><section class=\"kc-elm kc-css-956595 kc_row\"><div class=\"kc-row-container  kc-container\"><div class=\"kc-wrap-columns\"><div class=\"kc-elm kc-css-930736 kc_col-sm-12 kc_column kc_col-sm-12\"><div class=\"kc-col-container\">\n<div class=\"kc-elm kc-css-216555 kc-title-wrap \">\n\n\t<h1 class=\"kc_title\">Les raisons et impacts du changement climatique<\/h1>\n<\/div>\n<div class=\"kc-elm kc-css-107103 kc_row kc_row_inner\"><div class=\"kc-elm kc-css-168041 kc_col-sm-6 kc_column_inner kc_col-sm-6\"><div class=\"kc_wrapper kc-col-inner-container\"><div class=\"kc-elm kc-css-282118 kc_text_block\"><\/p>\n<p>\n<strong>Le lien entre gaz \u00e0 effet de serre et le changement climatique<\/strong><\/p>\n<p>L\u2019effet de serre est un ph\u00e9nom\u00e8ne naturel indispensable \u00e0 la vie, sans lui la temp\u00e9rature de la Terre serait de -18\u00b0C. Pour se produire, le ph\u00e9nom\u00e8ne de l\u2019effet de serre n\u00e9cessite la pr\u00e9sence des composants gazeux qui absorbent le rayonnement infrarouge, qu\u2019on appelle les gaz \u00e0 effet de serre (GES). Les GES sont nombreux et pr\u00e9sents dans l\u2019atmosph\u00e8re terrestre avec des concentrations diff\u00e9rentes comme le diazote(78%), l\u2019oxyg\u00e8ne(21%), la vapeur d\u2019eau, le dioxyde de carbone(CO2), ou encore le m\u00e9thane. L\u2019augmentation de leur concentration dans l\u2019atmosph\u00e8re terrestre est l\u2019un des facteurs \u00e0 l\u2019origine du r\u00e9chauffement climatique<\/p>\n<p>\n<\/div><div class=\"kc-elm kc-css-301209 kc_text_block\"><\/p>\n<p>\n<strong><b>Comment en sommes-nous arriv\u00e9s l\u00e0 ?<\/b><\/strong><\/p>\n<p>Pendant des ann\u00e9es, nous avons br\u00fbl\u00e9 du charbon et du p\u00e9trole pour nous d\u00e9placer, augment\u00e9 la production de nos \u00e9levages, d\u00e9truit des for\u00eats et coup\u00e9 des arbres. Toutes ces actions ont lib\u00e9r\u00e9 d\u2019importantes quantit\u00e9s de GES, acc\u00e9l\u00e9rant ainsi le r\u00e9chauffement de la plan\u00e8te. Dans les ann\u00e9es 70, les scientifiques ont tir\u00e9 la sonnette d\u2019alarme, afin d\u2019anticiper les effets du r\u00e9chauffement anormal de la plan\u00e8te d\u2019o\u00f9 l\u2019urgence d\u2019agir \u00e0 l\u2019\u00e9chelle du monde.<\/p>\n<p>\n<\/div>\n<div class=\"kc-elm kc-css-764665 kc-title-wrap \">\n\n\t<h2 class=\"kc_title orange\">Les activit\u00e9s humaines sont responsables \u00e0 95% du r\u00e9chauffement climatique. <\/h2>\n<\/div>\n<\/div><\/div><div class=\"kc-elm kc-css-784500 kc_col-sm-6 kc_column_inner kc_col-sm-6\"><div class=\"kc_wrapper kc-col-inner-container\"><div class=\"kc-elm kc-css-988585 kc_shortcode kc_single_image\">\n\n        <img decoding=\"async\" src=\"https:\/\/plateforme.label-commercant-responsable.com\/bureauvallee\/wp-content\/uploads\/2021\/05\/illustration-rechauffement-clim.png\" class=\"\" alt=\"\" \/>    <\/div>\n<\/div><\/div><\/div><div class=\"kc-elm kc-css-554788 kc_row kc_row_inner\"><div class=\"kc-elm kc-css-193960 kc_col-sm-12 kc_column_inner kc_col-sm-12\"><div class=\"kc_wrapper kc-col-inner-container\"><div class=\"kc-elm kc-css-566986 kc_text_block\"><\/p>\n<p>\n<strong>La d\u00e9forestation : une cause et une cons\u00e9quence !<\/strong><\/p>\n<p>20% des \u00e9missions de gaz \u00e0 effet de serre dues aux activit\u00e9s humaines proviennent de la d\u00e9gradation des for\u00eats. Les grandes surfaces bois\u00e9es sont des puits de carbone qui stockent le dioxyde de carbone et rafra\u00eechissent l\u2019air. Sous l&rsquo;effet du soleil, l&rsquo;eau absorb\u00e9e par les arbres s\u2019\u00e9vapore, cr\u00e9ant de la vapeur d\u2019eau. Ainsi des nuages se forment, engendrant de nouvelles pr\u00e9cipitations. La d\u00e9forestation vient interrompre ce processus et prive l\u2019atmosph\u00e8re de cet effet rafra\u00eechissant, cr\u00e9ant ainsi un cercle vicieux qui accentue le changement climatique. Les for\u00eats emmagasinent 20 \u00e0 50 fois plus de CO2 que n&rsquo;importe quel autre \u00e9cosyst\u00e8me. En cas de destruction de ces for\u00eats, le carbone est \u00e0 nouveau lib\u00e9r\u00e9 sous forme de gaz \u00e0 effet de serre, notamment en cas de d\u00e9frichement par le feu. Si nous devions perdre les for\u00eats, nous perdrions non seulement un r\u00e9servoir de biodiversit\u00e9, mais aussi notre combat contre le r\u00e9chauffement climatique.<\/p>\n<p>\n<\/div><div class=\"kc-elm kc-css-698850 kc_text_block\"><\/p>\n<p>\n<strong><img loading=\"lazy\" decoding=\"async\" class=\" alignright\" src=\"https:\/\/plateforme.label-commercant-responsable.com\/bureauvallee\/itmai\/wp-content\/uploads\/2021\/05\/ours-rechauffement.png\" alt=\"\" width=\"271\" height=\"383\" \/>Le changement climatique, c&rsquo;est aujourd&rsquo;hui<\/strong><\/p>\n<p>Le changement climatique n\u2019est pas un simple changement de temp\u00e9rature mais bien plus. Les effets du changement climatique sont de plus en plus perceptibles, m\u00eame s\u2019ils se manifestent sur des p\u00e9riodes plus ou moins longues. Ils sont principalement associ\u00e9s aux fontes des glaciers et aux \u00e9v\u00e9nements m\u00e9t\u00e9orologiques extr\u00eames. Durant les derni\u00e8res d\u00e9cennies nous avons mis\u00e9 sur le progr\u00e8s pour simplifier le quotidien des Hommes et r\u00e9pondre \u00e0 une demande croissante en produits et services.<\/p>\n<p>\n<\/div><div class=\"kc-elm kc-css-176955 kc_text_block\"><\/p>\n<p>\n<strong>Le d\u00e9r\u00e8glement : des cons\u00e9quences \u00e9conomiques, sociales et environnementales<\/strong><\/p>\n<p>L\u2019augmentation de p\u00e9riodes de forte chaleur + 4,8 \u00b0C contribue \u00e0 l\u2019apparition des crises sanitaires associ\u00e9es au d\u00e9veloppement des maladies tropicales en Europe.<br \/>\nChaque ann\u00e9e, la carte nationale est en vigilance rouge ou orange \u00e0 cause des p\u00e9riodes de s\u00e9cheresse, de canicule ou d\u2019inondation. Tous ces \u00e9v\u00e9nements sont des cons\u00e9quences des effets du changement climatique. Voici quelques exemples de ses cons\u00e9quences :<\/p>\n<p>\n<\/div><\/div><\/div><\/div><div class=\"kc-elm kc-css-891939 kc_row kc_row_inner\"><div class=\"kc-elm kc-css-677305 kc_col-sm-6 kc_column_inner kc_col-sm-6\"><div class=\"kc_wrapper kc-col-inner-container\"><div class=\"kc-elm kc-css-175766 kc_text_block\"><\/p>\n<ul>\n<li>L\u2019\u00e9l\u00e9vation du niveau de la mer due \u00e0 la fonte des glaces+ 19 cm les 100 derni\u00e8res ann\u00e9es = les eaux sal\u00e9es vont inonder les c\u00f4tes, la carte \u00e0 droite montre les projections de submersion de quelques villes situ\u00e9es dans la Nouvelle-Aquitaine.<\/li>\n<li>L\u2019augmentation de fr\u00e9quence des \u00e9v\u00e9nements m\u00e9t\u00e9orologiques extr\u00eames : canicules, temp\u00eates, inondations &#8230; Ces ph\u00e9nom\u00e8nes g\u00e9n\u00e8rent des crises alimentaires li\u00e9es aux pertes des r\u00e9coltes.<\/li>\n<li>L\u2019augmentation de p\u00e9riodes de forte chaleur + 4,8 \u00b0C contribue \u00e0 l\u2019apparition des crises sanitaires associ\u00e9es au d\u00e9veloppement des maladies tropicales en Europe.<\/li>\n<li>La d\u00e9gradation de la prise en charge des personnes vuln\u00e9rables (personnes \u00e2g\u00e9es, enfants, sans-abris, femmes enceintes \u2026) qui seront les plus expos\u00e9s.<\/li>\n<li>Toutes les populations vivant dans les bidonvilles ou dans les zones rurales \u00e9loign\u00e9es auront probablement plus de mal \u00e0 survivre.<\/li>\n<li>Le ralentissement de la croissance \u00e9conomique, en premier lieu pour les pays du sud puis aux autres.<\/li>\n<li>Le changement climatique pourrait contribuer \u00e0 perp\u00e9tuer des in\u00e9galit\u00e9s, y compris dans les pays d\u00e9velopp\u00e9s car il ne sera plus possible de se pr\u00e9munir contre ses effets.<\/li>\n<li>La pression sur les ressources en eau ou en nourriture, territoires \u2026 pourrait mener \u00e0 des conflits sociaux dans certaines r\u00e9gions<\/li>\n<\/ul>\n<p>\n<\/div><\/div><\/div><div class=\"kc-elm kc-css-32165 kc_col-sm-6 kc_column_inner kc_col-sm-6\"><div class=\"kc_wrapper kc-col-inner-container\"><div class=\"kc-elm kc-css-219208 kc_shortcode kc_single_image\">\n\n        <img decoding=\"async\" src=\"https:\/\/plateforme.label-commercant-responsable.com\/bureauvallee\/wp-content\/uploads\/2021\/05\/carte-rechauffement.png\" class=\"\" alt=\"\" \/>    <\/div>\n<div class=\"kc-elm kc-css-19195 kc_shortcode kc_single_image\">\n\n        <img decoding=\"async\" src=\"https:\/\/plateforme.label-commercant-responsable.com\/bureauvallee\/wp-content\/uploads\/2021\/10\/carte-monde-400x609xc.png\" class=\"\" alt=\"\" \/>    <\/div>\n<\/div><\/div><\/div><div class=\"kc-elm kc-css-753109 kc_text_block\"><\/p>\n<p>\nLe changement climatique est porteur d\u2019un paradoxe et d\u2019une injustice. En effet, les populations des pays en d\u00e9veloppement sont les moins responsables du ph\u00e9nom\u00e8ne, pourtant ils sont les plus touch\u00e9s et les plus vuln\u00e9rables face \u00e0 ses impacts. Cette logique peut aussi se transposer \u00e0 l\u2019int\u00e9rieur d\u2019un pays : la capacit\u00e9 \u00e0 r\u00e9agir face \u00e0 un \u00e9v\u00e9nement climatique ; l\u2019acc\u00e8s \u00e0 des moyens d\u2019adaptation ; ou encore \u00e0 certaines technologies moins polluantes sera influenc\u00e9e par les in\u00e9galit\u00e9s sociales d\u00e9j\u00e0 existantes au sein d\u2019un pays. D\u00e8s lors, lutter contre le changement climatique implique aussi une r\u00e9flexion sur la justice sociale.<\/p>\n<p>\n<\/div>\n<div class=\"kc-elm kc-css-593836 kc-title-wrap \">\n\n\t<h2 class=\"kc_title orange\">Un rapport du Commissariat g\u00e9n\u00e9ral du d\u00e9veloppement durable de 2011 affirme ainsi que \u00ab la consommation des 20 % des m\u00e9nages les plus modestes repr\u00e9sente 11 % des \u00e9missions de CO2 alors que celle des 20 % des m\u00e9nages les plus ais\u00e9s est responsable de 29 % des \u00e9missions \u00bb<\/h2>\n<\/div>\n<\/div><\/div><\/div><\/div><\/section><section class=\"kc-elm kc-css-808060 kc_row\"><div class=\"kc-row-container  kc-container\"><div class=\"kc-wrap-columns\"><div class=\"kc-elm kc-css-873311 kc_col-sm-12 kc_column kc_col-sm-12\"><div class=\"kc-col-container\">\n<div class=\"kc-elm kc-css-44890 kc-title-wrap \">\n\n\t<h1 class=\"kc_title\">Que peut-on faire pour att\u00e9nuer le changement climatique et ses effets ? <\/h1>\n<\/div>\n<div class=\"kc-elm kc-css-725772 kc_row kc_row_inner\"><div class=\"kc-elm kc-css-292834 kc_col-sm-12 kc_column_inner kc_col-sm-12\"><div class=\"kc_wrapper kc-col-inner-container\"><div class=\"kc-elm kc-css-777980 kc_text_block\"><\/p>\n<p>\n<strong>Que fait la France ?<\/strong><\/p>\n<p>La France a d\u00e9cid\u00e9 d\u2019agir contre le r\u00e9chauffement climatique pour ralentir les effets et diminuer les cons\u00e9quences. Elle a adopt\u00e9 des strat\u00e9gies d\u2019att\u00e9nuation au changement climatique. Ces strat\u00e9gies visent \u00e0 diminuer la consommation d\u2019\u00e9nergie, \u00e0 agir sur les transports, qui sont les plus gros \u00e9metteurs de gaz \u00e0 effet de serre et agir sur les b\u00e2timents pour limiter leur consommation d\u2019\u00e9nergie.<\/p>\n<p>\n<\/div><div class=\"kc-elm kc-css-424217 kc_shortcode kc_single_image\">\n\n        <img decoding=\"async\" src=\"https:\/\/plateforme.label-commercant-responsable.com\/bureauvallee\/wp-content\/uploads\/2021\/10\/graph-700x253xc.png\" class=\"\" alt=\"\" \/>    <\/div>\n<div class=\"kc-elm kc-css-783930\" style=\"height: 20px; clear: both; width:100%;\"><\/div>\n<div class=\"kc-elm kc-css-75408 kc-title-wrap \">\n\n\t<h2 class=\"kc_title orange\">L'investissement en faveur du climat en France en 2018 a \u00e9t\u00e9 de 45,7 MD<\/h2>\n<\/div>\n<\/div><\/div><\/div><div class=\"kc-elm kc-css-844483 kc_text_block\"><\/p>\n<p>\nLa France s\u2019est engag\u00e9e \u00e0 r\u00e9duire ses \u00e9missions de gaz \u00e0 effet de serre de 40 % entre 1990 et 2030 et, avec la loi \u00c9nergie et Climat adopt\u00e9e en 2019, \u00e0 atteindre la neutralit\u00e9 carbone en 2050 en divisant les \u00e9missions par un facteur sup\u00e9rieur \u00e0 six par rapport \u00e0 1990. Grace \u00e0 ses efforts la France a r\u00e9ussi \u00e0 faire baisser ses \u00e9missions nationales de 18,8% entre 1990 et 2018.<\/p>\n<p>N\u00e9anmoins, il ne faut pas s\u2019arr\u00eater aux seuls aspects environnementaux et prendre en consid\u00e9ration le cumul des in\u00e9galit\u00e9s environnementales et sociales. Ainsi le Haut conseil pour le climat indique que \u00ab la transition bas-carbone doit \u00eatre juste et per\u00e7ue comme telle pour que les actions soient durablement soutenues par l\u2019ensemble de la soci\u00e9t\u00e9 \u00bb.<\/p>\n<p><img loading=\"lazy\" decoding=\"async\" class=\"size-medium alignright\" src=\"https:\/\/plateforme.label-commercant-responsable.com\/bureauvallee\/wp-content\/uploads\/2021\/10\/sipa_00887425_000015.jpg\" alt=\"\" width=\"790\" height=\"445\" \/>Depuis des ann\u00e9es, des aides existes pour les m\u00e9nages les plus modestes et les PME afin de leur permettre de financer leur transition \u00e9nerg\u00e9tique avec des travaux d\u2019isolation, l\u2019installation d\u2019\u00e9nergies renouvelables \u2026 ou encore de financer l\u2019achat de v\u00e9hicules plus \u00ab propres \u00bb. En 2020 suite \u00e0 la crise sanitaire, le pays a lanc\u00e9 le plan France Relance de 100 milliards d\u2019\u20ac pour financer la reprise \u00e9conomique. 30 milliards sont d\u00e9di\u00e9s \u00e0 la transition \u00e9cologique. Aujourd\u2019hui, 10 milliards ont d\u00e9j\u00e0 \u00e9t\u00e9 engag\u00e9s pour la relance verte.<\/p>\n<p>\n<\/div><div class=\"kc-elm kc-css-757895 kc_text_block\"><\/p>\n<p>\n<strong>France Relance c\u2019est d\u00e9j\u00e0&#8230;<\/strong><\/p>\n<ul>\n<li>+ de 380 000 demandes MaPrimeR\u00e9nov\u2019.<\/li>\n<li>+ de 126 000 bonus attribu\u00e9s pour l&rsquo;achat d&rsquo;un v\u00e9hicule \u00e9lectrique.<\/li>\n<li>+ de 5 000 bornes de recharge \u00e9lectriques install\u00e9es dans les aires d\u2019autoroutes.<\/li>\n<li>2 000 dossiers d\u00e9pos\u00e9s par des PME pour les aides financi\u00e8res Tremplin pour la transition \u00e9cologique.<\/li>\n<li>13 projets pour des centres de tri des emballages m\u00e9nagers plus efficaces.<\/li>\n<li>552 projets s\u00e9lectionn\u00e9s dans le cadre du fonds friche, dont 111 visant \u00e0 installer des entreprises ou commerces sur des friches industrielles plut\u00f4t que des terres naturelles.<\/li>\n<\/ul>\n<p>\n<\/div><div class=\"kc-elm kc-css-809597 kc_text_block\"><\/p>\n<p>\n<strong>Les strat\u00e9gies d&rsquo;adaptation au changement climatique<\/strong><br \/>\nLa France a adopt\u00e9 des strat\u00e9gies d\u2019adaptation au changement climatique.<\/p>\n<ul>\n<li>En pr\u00e9parant les villes et les zones tr\u00e8s urbanis\u00e9es aux vagues de chaleurs : faire revenir le v\u00e9g\u00e9tal et l\u2019eau dans la ville (multiplier les espaces verts, fontaines&#8230;);<\/li>\n<li>En privil\u00e9giant des m\u00e9thodes de culture durables et responsables aux pratiques conventionnelles;<\/li>\n<li>En prot\u00e9geant les villes des temp\u00eates et de l\u2019augmentation des niveaux des mers par l\u2019installation de structures de protection;<\/li>\n<li>En informant les habitants et les commer\u00e7ants sur les zones inondables;<\/li>\n<li>En int\u00e9grant les strat\u00e9gies de lutte contre le changement climatique et les politiques d\u2019adaptation dans la politique de lutte contre la pauvret\u00e9 ;<\/li>\n<li>En d\u00e9veloppant la formation des travailleurs \u00e0 la transition \u00e9cologique ;<\/li>\n<li>En favorisant la cr\u00e9ation d\u2019emplois locaux li\u00e9es \u00e0 la transition \u00e9cologique.<\/li>\n<\/ul>\n<p>\n<\/div><div class=\"kc-elm kc-css-333833 kc_text_block\"><\/p>\n<p>\n<strong>Quels sont les \u00e9l\u00e9ments li\u00e9s au commerce ?<\/strong><br \/>\nComme toutes activit\u00e9s humaines, les activit\u00e9s commerciales engendrent directement ou indirectement des \u00e9missions de GES et des impacts sociaux qu\u2019il s\u2019agit de r\u00e9duire :<\/p>\n<ul>\n<li>D\u00e9velopper des processus vertueux de fabrication des produits (v\u00eatements\/ produits alimentaires&#8230;) moins \u00e9metteurs de GES;<\/li>\n<li>D\u00e9velopper de nouveaux modes de transport des marchandises et des personnes;<\/li>\n<li>Maitriser la consommation d\u2019\u00e9nergie des b\u00e2timents pour le chauffage, la climatisation;<\/li>\n<li>R\u00e9duire la production des d\u00e9chets des centrales et des points de vente;<\/li>\n<li>Optimiser l\u2019usage des outils num\u00e9riques : t\u00e9l\u00e9phones, tablettes;<\/li>\n<li>\u00catre actrices de la sensibilisation des clients sur les cons\u00e9quences du changement climatique;<\/li>\n<li>Favoriser le bien-\u00eatre au travail;<\/li>\n<li>D\u00e9velopper l\u2019\u00e9galit\u00e9 homme\/femme;<\/li>\n<li>Former les collaborateurs aux enjeux du changement climatique et \u00e0 la RSE;<\/li>\n<li>D\u00e9velopper l\u2019ancrage territoriale;<\/li>\n<\/ul>\n<p>\n<\/div><div class=\"kc-elm kc-css-608387 kc_text_block\"><\/p>\n<p><strong>L\u2019ancrage territoriale comme levier d\u2019action<\/strong><br \/>Une strat\u00e9gie d\u2019ancrage territorial avec les parties prenantes impact\u00e9es par ses activit\u00e9s suppose pour une entreprise d\u2019assumer au mieux ses externalit\u00e9s qui peuvent \u00eatre positives (comp\u00e9tences, projets\u2026) ou n\u00e9gatives (\u00e9puisement des ressources, pollutions\u2026), ce qui lui permet de l\u00e9gitimer ses activit\u00e9s et ainsi de continuer \u00e0 produire.<\/p>\n<p>Par exemple, en investissant dans l\u2019\u00e9ducation et la formation (contrats d\u2019apprentissage, stages\u2026), elle peut am\u00e9liorer le niveau de formation de la population. D\u2019ailleurs, la norme ISO 26 000 incite \u00e0 comprendre la complexit\u00e9 du territoire et les interactions des diff\u00e9rents acteurs entre eux afin de construire une politique RSE qui conforterait sa vitalit\u00e9.<\/p>\n<p><img loading=\"lazy\" decoding=\"async\" class=\"alignright\" src=\"https:\/\/plateforme.label-commercant-responsable.com\/bureauvallee\/wp-content\/uploads\/2021\/10\/ancrage.png\" alt=\"\" width=\"339\" height=\"324\" \/>Ainsi, l\u2019implantation g\u00e9ographique d\u2019un commerce et les rapports qu\u2019il va entretenir avec les autres acteurs peuvent affecter sa performance et sa capacit\u00e9 \u00e0 se diff\u00e9rencier : cela s\u2019observe particuli\u00e8rement pour les produits agroalimentaires vis-\u00e0-vis des consommateurs ; mais cela peut jouer aussi pour l\u2019acc\u00e8s au cr\u00e9dit, pour l\u2019attractivit\u00e9 de la main-d\u2019\u0153uvre (qualifi\u00e9e ou non), pour le soutien des pouvoirs publics\u2026<\/p>\n<p>D\u2019apr\u00e8s la publication du Rameau et de l\u2019ORSE en 2017, RSE &amp; Territoires, quelles nouvelles alliances ? : \u00ab 69 % des Fran\u00e7ais, 81 % des dirigeants d\u2019entreprise, 86 % des responsables associatifs et 87 % des maires pensent que les partenariats sont source d\u2019innovation pour r\u00e9duire les fragilit\u00e9s des territoires et faire \u00e9merger de nouveaux moteurs de croissance et d\u2019emplois durables. \u00bb<\/p>\n<p>\n<\/div><\/div><\/div><\/div><\/div><\/section><\/p>\n","protected":false},"excerpt":{"rendered":"<p>Retour au sommaire COMPRENDRE LES ENJEUX SOCIAUX, TERRITORIAUX ET CLIMATIQUES Les raisons et impacts du changement climatique Le lien entre gaz \u00e0 effet de serre et le changement climatique L\u2019effet de serre est un ph\u00e9nom\u00e8ne naturel indispensable \u00e0 la vie, sans lui la temp\u00e9rature de la Terre serait de -18\u00b0C. Pour se produire, le ph\u00e9nom\u00e8ne &hellip; <\/p>\n","protected":false},"author":1,"featured_media":0,"parent":10,"menu_order":0,"comment_status":"closed","ping_status":"closed","template":"","meta":{"footnotes":""},"class_list":["post-35","page","type-page","status-publish","hentry"],"acf":[],"_links":{"self":[{"href":"https:\/\/plateforme.label-commercant-responsable.com\/bureauvallee\/wp-json\/wp\/v2\/pages\/35","targetHints":{"allow":["GET"]}}],"collection":[{"href":"https:\/\/plateforme.label-commercant-responsable.com\/bureauvallee\/wp-json\/wp\/v2\/pages"}],"about":[{"href":"https:\/\/plateforme.label-commercant-responsable.com\/bureauvallee\/wp-json\/wp\/v2\/types\/page"}],"author":[{"embeddable":true,"href":"https:\/\/plateforme.label-commercant-responsable.com\/bureauvallee\/wp-json\/wp\/v2\/users\/1"}],"replies":[{"embeddable":true,"href":"https:\/\/plateforme.label-commercant-responsable.com\/bureauvallee\/wp-json\/wp\/v2\/comments?post=35"}],"version-history":[{"count":38,"href":"https:\/\/plateforme.label-commercant-responsable.com\/bureauvallee\/wp-json\/wp\/v2\/pages\/35\/revisions"}],"predecessor-version":[{"id":1141,"href":"https:\/\/plateforme.label-commercant-responsable.com\/bureauvallee\/wp-json\/wp\/v2\/pages\/35\/revisions\/1141"}],"up":[{"embeddable":true,"href":"https:\/\/plateforme.label-commercant-responsable.com\/bureauvallee\/wp-json\/wp\/v2\/pages\/10"}],"wp:attachment":[{"href":"https:\/\/plateforme.label-commercant-responsable.com\/bureauvallee\/wp-json\/wp\/v2\/media?parent=35"}],"curies":[{"name":"wp","href":"https:\/\/api.w.org\/{rel}","templated":true}]}}