{"id":44,"date":"2021-05-18T11:00:25","date_gmt":"2021-05-18T09:00:25","guid":{"rendered":"https:\/\/plateforme.label-commercant-responsable.com\/bureauvallee\/?page_id=44"},"modified":"2021-07-06T09:44:53","modified_gmt":"2021-07-06T07:44:53","slug":"les-elements-de-preuves","status":"publish","type":"page","link":"https:\/\/plateforme.label-commercant-responsable.com\/bureauvallee\/jevalue-le-parcours-devaluation\/les-elements-de-preuves\/","title":{"rendered":"Les \u00e9l\u00e9ments de preuves"},"content":{"rendered":"<p><section class=\"kc-elm kc-css-372193 kc_row\"><div class=\"kc-row-container  kc-container\"><div class=\"kc-wrap-columns\"><div class=\"kc-elm kc-css-53429 kc_col-sm-12 kc_column kc_col-sm-12\"><div class=\"kc-col-container\"><div class=\"kc-elm kc-css-438240 kc_shortcode kc_single_image\">\n\n        <img decoding=\"async\" src=\"https:\/\/plateforme.label-commercant-responsable.com\/bureauvallee\/wp-content\/uploads\/2021\/05\/referentiel-50x50xc.jpg\" class=\"\" alt=\"\" \/>    <\/div>\n\n<div class=\"kc-elm kc-css-471888 kc-title-wrap \">\n\n\t<h4 class=\"kc_title light bordure-bas-bleu\">J'EVALUE<\/h4>\n<\/div>\n<\/div><\/div><\/div><\/div><\/section><section class=\"kc-elm kc-css-953849 kc_row\"><div class=\"kc-row-container  kc-container\"><div class=\"kc-wrap-columns\"><div class=\"kc-elm kc-css-868780 kc_col-sm-12 kc_column kc_col-sm-12\"><div class=\"kc-col-container\">\n<div class=\"kc-elm kc-css-209806 kc-title-wrap \">\n\n\t<h1 class=\"kc_title\">LES \u00c9L\u00c9MENTS DE PREUVE \/ LES INDICATEURS<\/h1>\n<\/div>\n<div class=\"kc-elm kc-css-920542 kc_text_block\"><\/p>\n<p>Lors du premier audit r\u00e9alis\u00e9 par l&rsquo;organisme tiers ind\u00e9pendant (SGS), il est n\u00e9cessaire de pr\u00e9parer des \u00e9l\u00e9ments de preuve afin de montrer l&rsquo;implication du point de vente dans une d\u00e9marche de d\u00e9veloppement durable (RSE). Ces \u00e9l\u00e9ments de preuve sont des indicateurs, des documents officiels, des photos \u2026 permettant de v\u00e9rifier, pour l&rsquo;auditeur, votre niveau de progr\u00e8s pour chaque engagement.<br \/>\nCes \u00e9l\u00e9ments sont \u00e0 collecter en amont de l&rsquo;audit et \u00e0 int\u00e9grer dans la \u00ab\u00a0plateforme de progr\u00e8s\u00a0\u00bb pour pr\u00e9parer votre \u00e9valuation. <\/p>\n<p>De nouveaux \u00e9l\u00e9ments de preuve seront n\u00e9cessaires pour l&rsquo;\u00e9valuation de contr\u00f4le \u00e0 18 mois et pour la r\u00e9\u00e9valuation \u00e0 3 ans en fonction de vos progr\u00e8s dans chaque engagement. <\/p>\n<p>Vous trouverez ci-dessous le lien pour t\u00e9l\u00e9charger la liste des \u00e9l\u00e9ments de preuve n\u00e9cessaires pour pr\u00e9parer votre premier audit. <\/p>\n<p>\n<\/div>\n<div class=\"kc-elm kc-css-864238\">\n\t<a class=\"kc_button\" href=\"https:\/\/plateforme.label-commercant-responsable.com\/bureauvallee\/wp-content\/uploads\/2021\/05\/elements-de-preuves.pdf\" target=\"_blank\" title=\"\" onclick=\"\">\n\t\t<i class=\"fa-file-pdf\"><\/i> T\u00e9l\u00e9charger les \u00e9l\u00e9ments de preuve \u00e0 fournir\t<\/a>\n<\/div>\n<\/div><\/div><\/div><\/div><\/section><\/p>\n","protected":false},"excerpt":{"rendered":"<p>J&rsquo;EVALUE LES \u00c9L\u00c9MENTS DE PREUVE \/ LES INDICATEURS Lors du premier audit r\u00e9alis\u00e9 par l&rsquo;organisme tiers ind\u00e9pendant (SGS), il est n\u00e9cessaire de pr\u00e9parer des \u00e9l\u00e9ments de preuve afin de montrer l&rsquo;implication du point de vente dans une d\u00e9marche de d\u00e9veloppement durable (RSE). Ces \u00e9l\u00e9ments de preuve sont des indicateurs, des documents officiels, des photos \u2026 &hellip; <\/p>\n","protected":false},"author":1,"featured_media":0,"parent":16,"menu_order":0,"comment_status":"closed","ping_status":"closed","template":"","meta":{"footnotes":""},"class_list":["post-44","page","type-page","status-publish","hentry"],"acf":[],"_links":{"self":[{"href":"https:\/\/plateforme.label-commercant-responsable.com\/bureauvallee\/wp-json\/wp\/v2\/pages\/44","targetHints":{"allow":["GET"]}}],"collection":[{"href":"https:\/\/plateforme.label-commercant-responsable.com\/bureauvallee\/wp-json\/wp\/v2\/pages"}],"about":[{"href":"https:\/\/plateforme.label-commercant-responsable.com\/bureauvallee\/wp-json\/wp\/v2\/types\/page"}],"author":[{"embeddable":true,"href":"https:\/\/plateforme.label-commercant-responsable.com\/bureauvallee\/wp-json\/wp\/v2\/users\/1"}],"replies":[{"embeddable":true,"href":"https:\/\/plateforme.label-commercant-responsable.com\/bureauvallee\/wp-json\/wp\/v2\/comments?post=44"}],"version-history":[{"count":6,"href":"https:\/\/plateforme.label-commercant-responsable.com\/bureauvallee\/wp-json\/wp\/v2\/pages\/44\/revisions"}],"predecessor-version":[{"id":614,"href":"https:\/\/plateforme.label-commercant-responsable.com\/bureauvallee\/wp-json\/wp\/v2\/pages\/44\/revisions\/614"}],"up":[{"embeddable":true,"href":"https:\/\/plateforme.label-commercant-responsable.com\/bureauvallee\/wp-json\/wp\/v2\/pages\/16"}],"wp:attachment":[{"href":"https:\/\/plateforme.label-commercant-responsable.com\/bureauvallee\/wp-json\/wp\/v2\/media?parent=44"}],"curies":[{"name":"wp","href":"https:\/\/api.w.org\/{rel}","templated":true}]}}