{"id":542,"date":"2021-06-28T12:30:21","date_gmt":"2021-06-28T10:30:21","guid":{"rendered":"https:\/\/plateforme.label-commercant-responsable.com\/bureauvallee\/?page_id=542"},"modified":"2021-06-29T10:30:10","modified_gmt":"2021-06-29T08:30:10","slug":"fiches-actions-liste","status":"publish","type":"page","link":"https:\/\/plateforme.label-commercant-responsable.com\/bureauvallee\/fiches-actions-liste\/","title":{"rendered":"Fiches actions"},"content":{"rendered":"<p><section class=\"kc-elm kc-css-339620 kc_row\"><div class=\"kc-row-container  kc-container\"><div class=\"kc-wrap-columns\"><div class=\"kc-elm kc-css-615784 kc_col-sm-12 kc_column kc_col-sm-12\"><div class=\"kc-col-container\"><div class=\"kc-elm kc-css-823731 kc_shortcode kc_single_image\">\n\n        <img decoding=\"async\" src=\"https:\/\/plateforme.label-commercant-responsable.com\/bureauvallee\/wp-content\/uploads\/2021\/05\/dechet-illustration4-50x50xc.png\" class=\"\" alt=\"\" \/>    <\/div>\n\n<div class=\"kc-elm kc-css-432089 kc-title-wrap \">\n\n\t<h1 class=\"kc_title bordure-bas-vert vert mb-0 pb-0\">Fiches actions<\/h1>\n<\/div>\n<\/div><\/div><\/div><\/div><\/section><section class=\"kc-elm kc-css-805072 kc_row\"><div class=\"kc-row-container  kc-container\"><div class=\"kc-wrap-columns\"><div class=\"kc-elm kc-css-671155 kc_col-sm-12 kc_column kc_col-sm-12\"><div class=\"kc-col-container\"><div class=\"kc-elm kc-css-345117 kc-raw-code\"><form data-sf-form-id='541' data-is-rtl='0' data-maintain-state='' data-results-url='https:\/\/plateforme.label-commercant-responsable.com\/bureauvallee\/fiches-actions-liste' data-ajax-url='https:\/\/plateforme.label-commercant-responsable.com\/bureauvallee\/?sfid=541&amp;sf_action=get_data&amp;sf_data=all' data-ajax-form-url='https:\/\/plateforme.label-commercant-responsable.com\/bureauvallee\/?sfid=541&amp;sf_action=get_data&amp;sf_data=form' data-display-result-method='shortcode' data-use-history-api='1' data-template-loaded='0' data-lang-code='' data-ajax='1' data-ajax-data-type='json' data-ajax-target='#search-filter-results-541' data-ajax-pagination-type='infinite_scroll' data-show-scroll-loader='1' data-infinite-scroll-container='div#list-result' data-infinite-scroll-trigger='-100' data-infinite-scroll-result-class='div.post' data-ajax-links-selector='.pagination a' data-update-ajax-url='1' data-only-results-ajax='1' data-scroll-to-pos='0' data-init-paged='1' data-auto-update='1' data-auto-count='1' data-auto-count-refresh-mode='1' action='https:\/\/plateforme.label-commercant-responsable.com\/bureauvallee\/fiches-actions-liste' method='post' class='searchandfilter' id='search-filter-form-541' autocomplete='off' data-instance-count='1'><ul><li class=\"sf-field-taxonomy-thematiques\" data-sf-field-name=\"_sft_thematiques\" data-sf-field-type=\"taxonomy\" data-sf-field-input-type=\"select\"><h4>S\u00e9lectionner une th\u00e9matique<\/h4>\t\t<label>\r\n\t\t\t\t<select name=\"_sft_thematiques[]\" class=\"sf-input-select\" title=\"\">\r\n\t\t\t\r\n\t\t\t\t\t\t<option class=\"sf-level-0 sf-item-0 sf-option-active\" selected=\"selected\" data-sf-count=\"0\" data-sf-depth=\"0\" value=\"\">Toutes les th\u00e9matiques<\/option>\r\n\t\t\t\t\t\t<option class=\"sf-level-0 sf-item-5\" data-sf-count=\"1\" data-sf-depth=\"0\" value=\"achats\">ACHATS&nbsp;&nbsp;(1)<\/option>\r\n\t\t\t\t\t\t<option class=\"sf-level-0 sf-item-6\" data-sf-count=\"1\" data-sf-depth=\"0\" value=\"biodiversite\">BIODIVERSIT\u00c9&nbsp;&nbsp;(1)<\/option>\r\n\t\t\t\t\t\t<option class=\"sf-level-0 sf-item-8\" data-sf-count=\"5\" data-sf-depth=\"0\" value=\"gerer-et-trier-ses-dechets\">G\u00c9RER ET TRIER SES D\u00c9CHETS&nbsp;&nbsp;(5)<\/option>\r\n\t\t\t\t\t\t<option class=\"sf-level-0 sf-item-9\" data-sf-count=\"1\" data-sf-depth=\"0\" value=\"mobilite\">MOBILIT\u00c9&nbsp;&nbsp;(1)<\/option>\r\n\t\t\t\t\t\t<option class=\"sf-level-0 sf-item-10\" data-sf-count=\"5\" data-sf-depth=\"0\" value=\"optimiser-son-energie\">OPTIMISER SON \u00c9NERGIE&nbsp;&nbsp;(5)<\/option>\r\n\t\t\t\t\t\t<option class=\"sf-level-0 sf-item-13\" data-sf-count=\"5\" data-sf-depth=\"0\" value=\"relations-au-territoire\">RELATIONS AU TERRITOIRE&nbsp;&nbsp;(5)<\/option>\r\n\t\t\t\t\t\t<option class=\"sf-level-0 sf-item-11\" data-sf-count=\"7\" data-sf-depth=\"0\" value=\"relations-clients\">RELATIONS CLIENTS&nbsp;&nbsp;(7)<\/option>\r\n\t\t\t\t\t\t<option class=\"sf-level-0 sf-item-12\" data-sf-count=\"13\" data-sf-depth=\"0\" value=\"relations-de-travail\">RELATIONS DE TRAVAIL&nbsp;&nbsp;(13)<\/option>\r\n\t\t\t\t\t<\/select>\r\n\t\t<\/label>\t\t<\/li><\/ul><\/form><\/div><\/div><\/div><\/div><\/div><\/section><\/p>\n","protected":false},"excerpt":{"rendered":"<p>Fiches actions S\u00e9lectionner une th\u00e9matique Toutes les th\u00e9matiques ACHATS&nbsp;&nbsp;(1) BIODIVERSIT\u00c9&nbsp;&nbsp;(1) G\u00c9RER ET TRIER SES D\u00c9CHETS&nbsp;&nbsp;(5) MOBILIT\u00c9&nbsp;&nbsp;(1) OPTIMISER SON \u00c9NERGIE&nbsp;&nbsp;(5) RELATIONS AU TERRITOIRE&nbsp;&nbsp;(5) RELATIONS CLIENTS&nbsp;&nbsp;(7) RELATIONS DE TRAVAIL&nbsp;&nbsp;(13)<\/p>\n","protected":false},"author":1,"featured_media":0,"parent":0,"menu_order":0,"comment_status":"closed","ping_status":"closed","template":"page-fiches.php","meta":{"footnotes":""},"class_list":["post-542","page","type-page","status-publish","hentry"],"acf":[],"_links":{"self":[{"href":"https:\/\/plateforme.label-commercant-responsable.com\/bureauvallee\/wp-json\/wp\/v2\/pages\/542","targetHints":{"allow":["GET"]}}],"collection":[{"href":"https:\/\/plateforme.label-commercant-responsable.com\/bureauvallee\/wp-json\/wp\/v2\/pages"}],"about":[{"href":"https:\/\/plateforme.label-commercant-responsable.com\/bureauvallee\/wp-json\/wp\/v2\/types\/page"}],"author":[{"embeddable":true,"href":"https:\/\/plateforme.label-commercant-responsable.com\/bureauvallee\/wp-json\/wp\/v2\/users\/1"}],"replies":[{"embeddable":true,"href":"https:\/\/plateforme.label-commercant-responsable.com\/bureauvallee\/wp-json\/wp\/v2\/comments?post=542"}],"version-history":[{"count":6,"href":"https:\/\/plateforme.label-commercant-responsable.com\/bureauvallee\/wp-json\/wp\/v2\/pages\/542\/revisions"}],"predecessor-version":[{"id":609,"href":"https:\/\/plateforme.label-commercant-responsable.com\/bureauvallee\/wp-json\/wp\/v2\/pages\/542\/revisions\/609"}],"wp:attachment":[{"href":"https:\/\/plateforme.label-commercant-responsable.com\/bureauvallee\/wp-json\/wp\/v2\/media?parent=542"}],"curies":[{"name":"wp","href":"https:\/\/api.w.org\/{rel}","templated":true}]}}